{"id":14065,"date":"2024-02-07T17:44:10","date_gmt":"2024-02-07T16:44:10","guid":{"rendered":"https:\/\/koalarp.es\/roly\/producto\/star-woman\/"},"modified":"2024-02-07T17:57:49","modified_gmt":"2024-02-07T16:57:49","slug":"star-woman","status":"publish","type":"product","link":"https:\/\/koalarp.es\/roly\/producto\/star-woman\/","title":{"rendered":"STAR WOMAN"},"content":{"rendered":"<p>Polo de mujer de manga corta. Cubrecosturas reforzado en el interior del cuello. Cuello y ribete de manga acanalado. Costuras laterales y corte ajustado. Tapeta fina con tres botones. Aperturas en los laterales del bajo. <br \/>Composici\u00f3n: 100% algod\u00f3n, punto piqu\u00e9, 200 g\/m\u00b2.<br \/>\nColor gris vigor\u00e9 58: 85% algod\u00f3n \/ 15% viscosa.<br \/>Observaciones: *Etiqueta removible.<br \/>\n*Duo concept.<br \/><img decoding=\"async\" class=\"lazyload\" src=\"data:image\/gif;base64,R0lGODlhAQABAIAAAAAAAP\/\/\/yH5BAEAAAAALAAAAAABAAEAAAIBRAA7\" data-src=\"https:\/\/static.gorfactory.es\/pics\/measures\/PO_MC_MU.jpg\"><noscript><img decoding=\"async\" class=\"lazyload\" src=\"https:\/\/static.gorfactory.es\/pics\/measures\/PO_MC_MU.jpg\"><\/noscript><\/p>\n","protected":false},"excerpt":{"rendered":"<p>Polo de mujer de manga corta. Cubrecosturas reforzado en el interior del cuello. Cuello y ribete de manga acanalado. Costuras laterales y corte ajustado. Tapeta fina con tres botones. Aperturas en los laterales del bajo. Composici\u00f3n: 100% algod\u00f3n, punto piqu\u00e9, 200 g\/m\u00b2. Color gris vigor\u00e9 58: 85% algod\u00f3n \/ 15% viscosa.Observaciones: *Etiqueta removible. *Duo concept.<\/p>\n","protected":false},"featured_media":14066,"comment_status":"open","ping_status":"closed","template":"","meta":{"site-sidebar-layout":"default","site-content-layout":"","ast-site-content-layout":"","site-content-style":"default","site-sidebar-style":"default","ast-global-header-display":"","ast-banner-title-visibility":"","ast-main-header-display":"","ast-hfb-above-header-display":"","ast-hfb-below-header-display":"","ast-hfb-mobile-header-display":"","site-post-title":"","ast-breadcrumbs-content":"","ast-featured-img":"","footer-sml-layout":"","theme-transparent-header-meta":"","adv-header-id-meta":"","stick-header-meta":"","header-above-stick-meta":"","header-main-stick-meta":"","header-below-stick-meta":"","astra-migrate-meta-layouts":"default","ast-page-background-enabled":"default","ast-page-background-meta":{"desktop":{"background-color":"","background-image":"","background-repeat":"repeat","background-position":"center center","background-size":"auto","background-attachment":"scroll","background-type":"","background-media":"","overlay-type":"","overlay-color":"","overlay-gradient":""},"tablet":{"background-color":"","background-image":"","background-repeat":"repeat","background-position":"center center","background-size":"auto","background-attachment":"scroll","background-type":"","background-media":"","overlay-type":"","overlay-color":"","overlay-gradient":""},"mobile":{"background-color":"","background-image":"","background-repeat":"repeat","background-position":"center center","background-size":"auto","background-attachment":"scroll","background-type":"","background-media":"","overlay-type":"","overlay-color":"","overlay-gradient":""}},"ast-content-background-meta":{"desktop":{"background-color":"var(--ast-global-color-5)","background-image":"","background-repeat":"repeat","background-position":"center center","background-size":"auto","background-attachment":"scroll","background-type":"","background-media":"","overlay-type":"","overlay-color":"","overlay-gradient":""},"tablet":{"background-color":"var(--ast-global-color-5)","background-image":"","background-repeat":"repeat","background-position":"center center","background-size":"auto","background-attachment":"scroll","background-type":"","background-media":"","overlay-type":"","overlay-color":"","overlay-gradient":""},"mobile":{"background-color":"var(--ast-global-color-5)","background-image":"","background-repeat":"repeat","background-position":"center center","background-size":"auto","background-attachment":"scroll","background-type":"","background-media":"","overlay-type":"","overlay-color":"","overlay-gradient":""}},"_joinchat":[]},"product_cat":[379],"product_tag":[],"class_list":{"0":"post-14065","1":"product","2":"type-product","3":"status-publish","4":"has-post-thumbnail","6":"product_cat-pmc","7":"pa_color-amarillo","8":"pa_color-amarillo-maiz","9":"pa_color-arena","10":"pa_color-azul-calma","11":"pa_color-azul-denim","12":"pa_color-azul-riviera","13":"pa_color-azul-tormenta","14":"pa_color-azul-zen","15":"pa_color-blanco","16":"pa_color-celeste","17":"pa_color-chocolate","18":"pa_color-granate","19":"pa_color-gris-vigore","20":"pa_color-lila","21":"pa_color-marino","22":"pa_color-menta-oscuro","23":"pa_color-naranja","24":"pa_color-naranja-clay","25":"pa_color-negro","26":"pa_color-plomo-oscuro","27":"pa_color-purpura","28":"pa_color-rojo","29":"pa_color-rojo-baya","30":"pa_color-rojo-crisantemo","31":"pa_color-rojo-palido","32":"pa_color-rosa-claro","33":"pa_color-roseton","34":"pa_color-royal","35":"pa_color-turquesa","36":"pa_color-verde-aventura","37":"pa_color-verde-botella","38":"pa_color-verde-grass","39":"pa_color-verde-menta","40":"pa_color-verde-mist","41":"pa_color-verde-tropical","42":"desktop-align-center","43":"tablet-align-center","44":"mobile-align-center","45":"ast-product-gallery-layout-vertical","46":"ast-product-single-variable","47":"ast-product-tabs-layout-horizontal","49":"first","50":"instock","51":"shipping-taxable","52":"purchasable","53":"product-type-variable"},"_links":{"self":[{"href":"https:\/\/koalarp.es\/roly\/wp-json\/wp\/v2\/product\/14065","targetHints":{"allow":["GET"]}}],"collection":[{"href":"https:\/\/koalarp.es\/roly\/wp-json\/wp\/v2\/product"}],"about":[{"href":"https:\/\/koalarp.es\/roly\/wp-json\/wp\/v2\/types\/product"}],"replies":[{"embeddable":true,"href":"https:\/\/koalarp.es\/roly\/wp-json\/wp\/v2\/comments?post=14065"}],"version-history":[{"count":1,"href":"https:\/\/koalarp.es\/roly\/wp-json\/wp\/v2\/product\/14065\/revisions"}],"predecessor-version":[{"id":25992,"href":"https:\/\/koalarp.es\/roly\/wp-json\/wp\/v2\/product\/14065\/revisions\/25992"}],"wp:featuredmedia":[{"embeddable":true,"href":"https:\/\/koalarp.es\/roly\/wp-json\/wp\/v2\/media\/14066"}],"wp:attachment":[{"href":"https:\/\/koalarp.es\/roly\/wp-json\/wp\/v2\/media?parent=14065"}],"wp:term":[{"taxonomy":"product_cat","embeddable":true,"href":"https:\/\/koalarp.es\/roly\/wp-json\/wp\/v2\/product_cat?post=14065"},{"taxonomy":"product_tag","embeddable":true,"href":"https:\/\/koalarp.es\/roly\/wp-json\/wp\/v2\/product_tag?post=14065"}],"curies":[{"name":"wp","href":"https:\/\/api.w.org\/{rel}","templated":true}]}}