{"id":16066,"date":"2024-02-08T09:32:25","date_gmt":"2024-02-08T08:32:25","guid":{"rendered":"https:\/\/koalarp.es\/roly\/producto\/sochi\/"},"modified":"2024-02-08T09:34:01","modified_gmt":"2024-02-08T08:34:01","slug":"sochi","status":"publish","type":"product","link":"https:\/\/koalarp.es\/roly\/producto\/sochi\/","title":{"rendered":"SOCHI"},"content":{"rendered":"<p>Camiseta t\u00e9cnica de manga ragl\u00e1n con paneles sublimados. Poli\u00e9ster Reciclado CONTROL DRY. Remallado en fl\u00faor (excepto color blanco 183). Detalles reflectantes y fald\u00f3n trasero. Etiqueta identificativa logo ECO en manga. <br \/>Composici\u00f3n: 50% Poli\u00e9ster Reciclado \/ 50% Poli\u00e9ster, Waffle Interlock. 130g\/m\u00b2<br \/>Observaciones: *Etiqueta removible ECO<br \/>\n*Bolsa Individual de material reciclado.<br \/>\n*Tejido t\u00e9cnico.<br \/>\n*Control dry.<br \/>\n*D\u00fao concept.<br \/>\n*Factor de protecci\u00f3n ultravioleta seg\u00fan color.<br \/>\nProducto certificado 139218-GRS<br \/><img decoding=\"async\" class=\"lazyload\" src=\"data:image\/gif;base64,R0lGODlhAQABAIAAAAAAAP\/\/\/yH5BAEAAAAALAAAAAABAAEAAAIBRAA7\" data-src=\"https:\/\/static.gorfactory.es\/pics\/measures\/CA_MC_HO.jpg\"><noscript><img decoding=\"async\" class=\"lazyload\" src=\"https:\/\/static.gorfactory.es\/pics\/measures\/CA_MC_HO.jpg\"><\/noscript><\/p>\n","protected":false},"excerpt":{"rendered":"<p>Camiseta t\u00e9cnica de manga ragl\u00e1n con paneles sublimados. Poli\u00e9ster Reciclado CONTROL DRY. Remallado en fl\u00faor (excepto color blanco 183). Detalles reflectantes y fald\u00f3n trasero. Etiqueta identificativa logo ECO en manga. Composici\u00f3n: 50% Poli\u00e9ster Reciclado \/ 50% Poli\u00e9ster, Waffle Interlock. 130g\/m\u00b2Observaciones: *Etiqueta removible ECO *Bolsa Individual de material reciclado. *Tejido t\u00e9cnico. *Control dry. *D\u00fao concept. *Factor [&hellip;]<\/p>\n","protected":false},"featured_media":16067,"comment_status":"open","ping_status":"closed","template":"","meta":{"site-sidebar-layout":"default","site-content-layout":"","ast-site-content-layout":"","site-content-style":"default","site-sidebar-style":"default","ast-global-header-display":"","ast-banner-title-visibility":"","ast-main-header-display":"","ast-hfb-above-header-display":"","ast-hfb-below-header-display":"","ast-hfb-mobile-header-display":"","site-post-title":"","ast-breadcrumbs-content":"","ast-featured-img":"","footer-sml-layout":"","theme-transparent-header-meta":"","adv-header-id-meta":"","stick-header-meta":"","header-above-stick-meta":"","header-main-stick-meta":"","header-below-stick-meta":"","astra-migrate-meta-layouts":"default","ast-page-background-enabled":"default","ast-page-background-meta":{"desktop":{"background-color":"","background-image":"","background-repeat":"repeat","background-position":"center center","background-size":"auto","background-attachment":"scroll","background-type":"","background-media":"","overlay-type":"","overlay-color":"","overlay-gradient":""},"tablet":{"background-color":"","background-image":"","background-repeat":"repeat","background-position":"center center","background-size":"auto","background-attachment":"scroll","background-type":"","background-media":"","overlay-type":"","overlay-color":"","overlay-gradient":""},"mobile":{"background-color":"","background-image":"","background-repeat":"repeat","background-position":"center center","background-size":"auto","background-attachment":"scroll","background-type":"","background-media":"","overlay-type":"","overlay-color":"","overlay-gradient":""}},"ast-content-background-meta":{"desktop":{"background-color":"var(--ast-global-color-5)","background-image":"","background-repeat":"repeat","background-position":"center center","background-size":"auto","background-attachment":"scroll","background-type":"","background-media":"","overlay-type":"","overlay-color":"","overlay-gradient":""},"tablet":{"background-color":"var(--ast-global-color-5)","background-image":"","background-repeat":"repeat","background-position":"center center","background-size":"auto","background-attachment":"scroll","background-type":"","background-media":"","overlay-type":"","overlay-color":"","overlay-gradient":""},"mobile":{"background-color":"var(--ast-global-color-5)","background-image":"","background-repeat":"repeat","background-position":"center center","background-size":"auto","background-attachment":"scroll","background-type":"","background-media":"","overlay-type":"","overlay-color":"","overlay-gradient":""}},"_joinchat":[]},"product_cat":[392,391],"product_tag":[],"class_list":{"0":"post-16066","1":"product","2":"type-product","3":"status-publish","4":"has-post-thumbnail","6":"product_cat-sp_tshi","7":"product_cat-cam_sp","8":"pa_color-print-run-blanco","9":"pa_color-print-run-negro","10":"pa_color-print-run-rojo","11":"pa_color-print-run-royal","12":"pa_color-print-run-turquesa","13":"desktop-align-center","14":"tablet-align-center","15":"mobile-align-center","16":"ast-product-gallery-layout-vertical","17":"ast-product-single-variable","18":"ast-product-tabs-layout-horizontal","20":"first","21":"instock","22":"shipping-taxable","23":"purchasable","24":"product-type-variable"},"_links":{"self":[{"href":"https:\/\/koalarp.es\/roly\/wp-json\/wp\/v2\/product\/16066","targetHints":{"allow":["GET"]}}],"collection":[{"href":"https:\/\/koalarp.es\/roly\/wp-json\/wp\/v2\/product"}],"about":[{"href":"https:\/\/koalarp.es\/roly\/wp-json\/wp\/v2\/types\/product"}],"replies":[{"embeddable":true,"href":"https:\/\/koalarp.es\/roly\/wp-json\/wp\/v2\/comments?post=16066"}],"version-history":[{"count":0,"href":"https:\/\/koalarp.es\/roly\/wp-json\/wp\/v2\/product\/16066\/revisions"}],"wp:featuredmedia":[{"embeddable":true,"href":"https:\/\/koalarp.es\/roly\/wp-json\/wp\/v2\/media\/16067"}],"wp:attachment":[{"href":"https:\/\/koalarp.es\/roly\/wp-json\/wp\/v2\/media?parent=16066"}],"wp:term":[{"taxonomy":"product_cat","embeddable":true,"href":"https:\/\/koalarp.es\/roly\/wp-json\/wp\/v2\/product_cat?post=16066"},{"taxonomy":"product_tag","embeddable":true,"href":"https:\/\/koalarp.es\/roly\/wp-json\/wp\/v2\/product_tag?post=16066"}],"curies":[{"name":"wp","href":"https:\/\/api.w.org\/{rel}","templated":true}]}}