{"id":24788,"date":"2024-02-08T22:00:40","date_gmt":"2024-02-08T21:00:40","guid":{"rendered":"https:\/\/koalarp.es\/roly\/producto\/persei\/"},"modified":"2024-02-08T22:00:40","modified_gmt":"2024-02-08T21:00:40","slug":"persei","status":"publish","type":"product","link":"https:\/\/koalarp.es\/roly\/producto\/persei\/","title":{"rendered":"PERSEI"},"content":{"rendered":"<p>Chaleco reversible multibolsillos y alta visibilidad, con cuello alto. <\/p>\n<p>Chaleco multibolsillos.<br \/>\n\u00b7 Cremallera central con tirador reversible.<br \/>\n\u00b7 Un bolsillo exterior para m\u00f3vil en lado derecho.<br \/>\n\u00b7 Dos bolsillos frontales con fuelle y aberturas laterales.<br \/>\n\u00b7 Dos dep\u00f3sitos para bol\u00edgrafos.<br \/>\n\u00b7 Bolsillo cremallera.<br \/>\n\u00b7 Cortavientos en bocamangas.<br \/>\n\u00b7 Bajo posterior con fald\u00f3n.<br \/>\n\u00b7 Ajustador el\u00e1stico.<\/p>\n<p>Chaleco alta visibilidad<br \/>\n\u00b7 Color fluorescente.<br \/>\n\u00b7 Dos bandas reflectantes horizontales.<br \/>Composici\u00f3n: Tejido exterior: 100% poli\u00e9ster, tafet\u00e1n.<br \/>\nGuata: 100% poli\u00e9ster.<br \/>\nTejido fl\u00faor: 100% poli\u00e9ster punto liso.<br \/>\n450 g\/m\u00b2<br \/>Observaciones: \u00b7 Etiqueta removible.<br \/>\n\u00b7Certificaci\u00f3n CE seg\u00fan las normas:<br \/>\nEN ISO 13688:2013\/A1:2021<br \/>\nEN ISO 20471:2013\/A1:2017.<br \/>\n\u00b7 Clase I.<br \/><img decoding=\"async\" class=\"lazyload\" src=\"data:image\/gif;base64,R0lGODlhAQABAIAAAAAAAP\/\/\/yH5BAEAAAAALAAAAAABAAEAAAIBRAA7\" data-src=\"https:\/\/static.gorfactory.es\/pics\/measures\/CC_HOMU.jpg\"><noscript><img decoding=\"async\" class=\"lazyload\" src=\"https:\/\/static.gorfactory.es\/pics\/measures\/CC_HOMU.jpg\"><\/noscript><\/p>\n","protected":false},"excerpt":{"rendered":"<p>Chaleco reversible multibolsillos y alta visibilidad, con cuello alto. Chaleco multibolsillos. \u00b7 Cremallera central con tirador reversible. \u00b7 Un bolsillo exterior para m\u00f3vil en lado derecho. \u00b7 Dos bolsillos frontales con fuelle y aberturas laterales. \u00b7 Dos dep\u00f3sitos para bol\u00edgrafos. \u00b7 Bolsillo cremallera. \u00b7 Cortavientos en bocamangas. \u00b7 Bajo posterior con fald\u00f3n. \u00b7 Ajustador el\u00e1stico. [&hellip;]<\/p>\n","protected":false},"featured_media":24789,"comment_status":"open","ping_status":"closed","template":"","meta":{"site-sidebar-layout":"default","site-content-layout":"","ast-site-content-layout":"","site-content-style":"default","site-sidebar-style":"default","ast-global-header-display":"","ast-banner-title-visibility":"","ast-main-header-display":"","ast-hfb-above-header-display":"","ast-hfb-below-header-display":"","ast-hfb-mobile-header-display":"","site-post-title":"","ast-breadcrumbs-content":"","ast-featured-img":"","footer-sml-layout":"","theme-transparent-header-meta":"","adv-header-id-meta":"","stick-header-meta":"","header-above-stick-meta":"","header-main-stick-meta":"","header-below-stick-meta":"","astra-migrate-meta-layouts":"default","ast-page-background-enabled":"default","ast-page-background-meta":{"desktop":{"background-color":"","background-image":"","background-repeat":"repeat","background-position":"center center","background-size":"auto","background-attachment":"scroll","background-type":"","background-media":"","overlay-type":"","overlay-color":"","overlay-gradient":""},"tablet":{"background-color":"","background-image":"","background-repeat":"repeat","background-position":"center center","background-size":"auto","background-attachment":"scroll","background-type":"","background-media":"","overlay-type":"","overlay-color":"","overlay-gradient":""},"mobile":{"background-color":"","background-image":"","background-repeat":"repeat","background-position":"center center","background-size":"auto","background-attachment":"scroll","background-type":"","background-media":"","overlay-type":"","overlay-color":"","overlay-gradient":""}},"ast-content-background-meta":{"desktop":{"background-color":"var(--ast-global-color-5)","background-image":"","background-repeat":"repeat","background-position":"center center","background-size":"auto","background-attachment":"scroll","background-type":"","background-media":"","overlay-type":"","overlay-color":"","overlay-gradient":""},"tablet":{"background-color":"var(--ast-global-color-5)","background-image":"","background-repeat":"repeat","background-position":"center center","background-size":"auto","background-attachment":"scroll","background-type":"","background-media":"","overlay-type":"","overlay-color":"","overlay-gradient":""},"mobile":{"background-color":"var(--ast-global-color-5)","background-image":"","background-repeat":"repeat","background-position":"center center","background-size":"auto","background-attachment":"scroll","background-type":"","background-media":"","overlay-type":"","overlay-color":"","overlay-gradient":""}},"_joinchat":[]},"product_cat":[292,293],"product_tag":[],"class_list":{"0":"post-24788","1":"product","2":"type-product","3":"status-publish","4":"has-post-thumbnail","6":"product_cat-highviz","7":"product_cat-highvischalecos","8":"desktop-align-center","9":"tablet-align-center","10":"mobile-align-center","11":"ast-product-gallery-layout-vertical","12":"ast-product-gallery-with-no-image","13":"ast-product-tabs-layout-horizontal","15":"first","16":"instock","17":"shipping-taxable","18":"product-type-simple"},"_links":{"self":[{"href":"https:\/\/koalarp.es\/roly\/wp-json\/wp\/v2\/product\/24788","targetHints":{"allow":["GET"]}}],"collection":[{"href":"https:\/\/koalarp.es\/roly\/wp-json\/wp\/v2\/product"}],"about":[{"href":"https:\/\/koalarp.es\/roly\/wp-json\/wp\/v2\/types\/product"}],"replies":[{"embeddable":true,"href":"https:\/\/koalarp.es\/roly\/wp-json\/wp\/v2\/comments?post=24788"}],"version-history":[{"count":0,"href":"https:\/\/koalarp.es\/roly\/wp-json\/wp\/v2\/product\/24788\/revisions"}],"wp:featuredmedia":[{"embeddable":true,"href":"https:\/\/koalarp.es\/roly\/wp-json\/wp\/v2\/media\/24789"}],"wp:attachment":[{"href":"https:\/\/koalarp.es\/roly\/wp-json\/wp\/v2\/media?parent=24788"}],"wp:term":[{"taxonomy":"product_cat","embeddable":true,"href":"https:\/\/koalarp.es\/roly\/wp-json\/wp\/v2\/product_cat?post=24788"},{"taxonomy":"product_tag","embeddable":true,"href":"https:\/\/koalarp.es\/roly\/wp-json\/wp\/v2\/product_tag?post=24788"}],"curies":[{"name":"wp","href":"https:\/\/api.w.org\/{rel}","templated":true}]}}