{"id":25428,"date":"2024-02-08T22:33:00","date_gmt":"2024-02-08T21:33:00","guid":{"rendered":"https:\/\/koalarp.es\/roly\/producto\/kentucky\/"},"modified":"2024-02-08T22:35:05","modified_gmt":"2024-02-08T21:35:05","slug":"kentucky","status":"publish","type":"product","link":"https:\/\/koalarp.es\/roly\/producto\/kentucky\/","title":{"rendered":"KENTUCKY"},"content":{"rendered":"<p>Chaqueta cortavientos en tejido t\u00e9cnico.<br \/>\n\u00b7Cuello con bolsillo para guardar capucha.<br \/>\n\u00b7Tejido transpirable en la parte de las sisas.<br \/>\n\u00b7Corte de mangas ranglan.<br \/>\n\u00b7Doble bolsillo en la parte delantera con cremallera.<br \/>\n\u00b7Apertura y cierre con cremallera frontal.<br \/>\n\u00b7Bolsillo en la espalda para guardar la chaqueta a modo de bolsa.<br \/>\n\u00b7Bajo de chaqueta y pu\u00f1os de mangas con el\u00e1stico.<br \/>\n\u00b7Adorno en forma de asa situada en la parte de la espalda en la zona del cuello para poder colgar la prenda.<br \/>\n\u00b7Capucha con ajustadores pl\u00e1sticos y cord\u00f3n el\u00e1stico.<br \/>\n\u00b7Tejido transpirable en el interior del cuello.<br \/>\n\u00b7Tejido transpirable en el bolsillo interior espalda.<br \/>Composici\u00f3n: 100% poli\u00e9ster, 50 g\/m\u00b2.<br \/>Observaciones: *Etiqueta removible.<br \/>\n*Modelo a prueba de viento.<br \/>\n*Modelo transpirable.<br \/><img decoding=\"async\" class=\"lazyload\" src=\"data:image\/gif;base64,R0lGODlhAQABAIAAAAAAAP\/\/\/yH5BAEAAAAALAAAAAABAAEAAAIBRAA7\" data-src=\"https:\/\/static.gorfactory.es\/pics\/measures\/CB_HO.jpg\"><noscript><img decoding=\"async\" class=\"lazyload\" src=\"https:\/\/static.gorfactory.es\/pics\/measures\/CB_HO.jpg\"><\/noscript><\/p>\n","protected":false},"excerpt":{"rendered":"<p>Chaqueta cortavientos en tejido t\u00e9cnico. \u00b7Cuello con bolsillo para guardar capucha. \u00b7Tejido transpirable en la parte de las sisas. \u00b7Corte de mangas ranglan. \u00b7Doble bolsillo en la parte delantera con cremallera. \u00b7Apertura y cierre con cremallera frontal. \u00b7Bolsillo en la espalda para guardar la chaqueta a modo de bolsa. \u00b7Bajo de chaqueta y pu\u00f1os de [&hellip;]<\/p>\n","protected":false},"featured_media":25429,"comment_status":"open","ping_status":"closed","template":"","meta":{"site-sidebar-layout":"default","site-content-layout":"","ast-site-content-layout":"","site-content-style":"default","site-sidebar-style":"default","ast-global-header-display":"","ast-banner-title-visibility":"","ast-main-header-display":"","ast-hfb-above-header-display":"","ast-hfb-below-header-display":"","ast-hfb-mobile-header-display":"","site-post-title":"","ast-breadcrumbs-content":"","ast-featured-img":"","footer-sml-layout":"","theme-transparent-header-meta":"","adv-header-id-meta":"","stick-header-meta":"","header-above-stick-meta":"","header-main-stick-meta":"","header-below-stick-meta":"","astra-migrate-meta-layouts":"default","ast-page-background-enabled":"default","ast-page-background-meta":{"desktop":{"background-color":"","background-image":"","background-repeat":"repeat","background-position":"center center","background-size":"auto","background-attachment":"scroll","background-type":"","background-media":"","overlay-type":"","overlay-color":"","overlay-gradient":""},"tablet":{"background-color":"","background-image":"","background-repeat":"repeat","background-position":"center center","background-size":"auto","background-attachment":"scroll","background-type":"","background-media":"","overlay-type":"","overlay-color":"","overlay-gradient":""},"mobile":{"background-color":"","background-image":"","background-repeat":"repeat","background-position":"center center","background-size":"auto","background-attachment":"scroll","background-type":"","background-media":"","overlay-type":"","overlay-color":"","overlay-gradient":""}},"ast-content-background-meta":{"desktop":{"background-color":"var(--ast-global-color-5)","background-image":"","background-repeat":"repeat","background-position":"center center","background-size":"auto","background-attachment":"scroll","background-type":"","background-media":"","overlay-type":"","overlay-color":"","overlay-gradient":""},"tablet":{"background-color":"var(--ast-global-color-5)","background-image":"","background-repeat":"repeat","background-position":"center center","background-size":"auto","background-attachment":"scroll","background-type":"","background-media":"","overlay-type":"","overlay-color":"","overlay-gradient":""},"mobile":{"background-color":"var(--ast-global-color-5)","background-image":"","background-repeat":"repeat","background-position":"center center","background-size":"auto","background-attachment":"scroll","background-type":"","background-media":"","overlay-type":"","overlay-color":"","overlay-gradient":""}},"_joinchat":[]},"product_cat":[570],"product_tag":[],"class_list":{"0":"post-25428","1":"product","2":"type-product","3":"status-publish","4":"has-post-thumbnail","6":"product_cat-outlet","7":"pa_color-amarillo-fluor","8":"pa_color-fucsia","9":"pa_color-lima","10":"pa_color-negro","11":"pa_color-rojo","12":"pa_color-royal","13":"desktop-align-center","14":"tablet-align-center","15":"mobile-align-center","16":"ast-product-gallery-layout-vertical","17":"ast-product-single-variable","18":"ast-product-tabs-layout-horizontal","20":"first","21":"instock","22":"shipping-taxable","23":"purchasable","24":"product-type-variable"},"_links":{"self":[{"href":"https:\/\/koalarp.es\/roly\/wp-json\/wp\/v2\/product\/25428","targetHints":{"allow":["GET"]}}],"collection":[{"href":"https:\/\/koalarp.es\/roly\/wp-json\/wp\/v2\/product"}],"about":[{"href":"https:\/\/koalarp.es\/roly\/wp-json\/wp\/v2\/types\/product"}],"replies":[{"embeddable":true,"href":"https:\/\/koalarp.es\/roly\/wp-json\/wp\/v2\/comments?post=25428"}],"version-history":[{"count":0,"href":"https:\/\/koalarp.es\/roly\/wp-json\/wp\/v2\/product\/25428\/revisions"}],"wp:featuredmedia":[{"embeddable":true,"href":"https:\/\/koalarp.es\/roly\/wp-json\/wp\/v2\/media\/25429"}],"wp:attachment":[{"href":"https:\/\/koalarp.es\/roly\/wp-json\/wp\/v2\/media?parent=25428"}],"wp:term":[{"taxonomy":"product_cat","embeddable":true,"href":"https:\/\/koalarp.es\/roly\/wp-json\/wp\/v2\/product_cat?post=25428"},{"taxonomy":"product_tag","embeddable":true,"href":"https:\/\/koalarp.es\/roly\/wp-json\/wp\/v2\/product_tag?post=25428"}],"curies":[{"name":"wp","href":"https:\/\/api.w.org\/{rel}","templated":true}]}}